{"id":2,"date":"2009-11-01T02:37:29","date_gmt":"2009-11-01T01:37:29","guid":{"rendered":"http:\/\/quijost.com\/blog\/?page_id=2"},"modified":"2009-11-01T08:27:23","modified_gmt":"2009-11-01T07:27:23","slug":"acerca-de","status":"publish","type":"page","link":"http:\/\/quijost.com\/blog\/acerca-de\/","title":{"rendered":"Acerca de"},"content":{"rendered":"<p>Quijost es un servicio de hospedaje (hosting) de origen manchego. Actualmente es una nueva marca en el mercado que espera diferenciarse en sus servicios con la fiabilidad, precio y buen soporte de los mismos.<\/p>\n<p>Nuestra intenci\u00f3n es alojar sitios gratuitos y de pago. En especial, nuestra motivaci\u00f3n es alojar a peque\u00f1os y medianos proyectos relacionados con el mundo del software libre y c\u00f3digo abierto.<\/p>\n<p>Tanto peque\u00f1os principiantes como medianos proyectos encontrar\u00e1n en nuestros servicios gratuitos o de pago una buena oferta de calidad y econ\u00f3mica. Nuestra iniciativa surge para alojar sitios a precios muy reducidos y ofreciendo un gran n\u00famero de caracter\u00edsticas que otros hospedajes limitan en funcionalidad o precio.<\/p>\n<p>Esperamos que disfrutes de nuestros servicios.<\/p>\n","protected":false},"excerpt":{"rendered":"<p>Quijost es un servicio de hospedaje (hosting) de origen manchego. Actualmente es una nueva marca en el mercado que espera diferenciarse en sus servicios con la fiabilidad, precio y buen soporte de los mismos. Nuestra intenci\u00f3n es alojar sitios gratuitos y de pago. En especial,&#8230;<\/p>\n<div class=\"more-link-wrapper\"><a class=\"more-link\" href=\"http:\/\/quijost.com\/blog\/acerca-de\/\">Seguir leyendo<span class=\"screen-reader-text\">Acerca de<\/span><\/a><\/div>\n","protected":false},"author":1,"featured_media":0,"parent":0,"menu_order":0,"comment_status":"open","ping_status":"open","template":"","meta":[],"_links":{"self":[{"href":"http:\/\/quijost.com\/blog\/wp-json\/wp\/v2\/pages\/2"}],"collection":[{"href":"http:\/\/quijost.com\/blog\/wp-json\/wp\/v2\/pages"}],"about":[{"href":"http:\/\/quijost.com\/blog\/wp-json\/wp\/v2\/types\/page"}],"author":[{"embeddable":true,"href":"http:\/\/quijost.com\/blog\/wp-json\/wp\/v2\/users\/1"}],"replies":[{"embeddable":true,"href":"http:\/\/quijost.com\/blog\/wp-json\/wp\/v2\/comments?post=2"}],"version-history":[{"count":0,"href":"http:\/\/quijost.com\/blog\/wp-json\/wp\/v2\/pages\/2\/revisions"}],"wp:attachment":[{"href":"http:\/\/quijost.com\/blog\/wp-json\/wp\/v2\/media?parent=2"}],"curies":[{"name":"wp","href":"https:\/\/api.w.org\/{rel}","templated":true}]}}